f -13*p**4/24 + p**3/2 + p**2. Let c(n) = 26*n - 5. Let s(g) = -4*c(g) - 7*j(g). What are the prime factors of s(-1)?
2, 3
Suppose -1 = -0*x - x. Let k = 4 + x. What are the prime factors of k?
5
List the prime factors of (10/8)/(3/108).
3, 5
Let g = -58 + 87. Let q = g - 19. List the prime factors of q.
2, 5
Let m be (2/6)/(2/24). What are the prime factors of m/(-14) + 186/14?
13
Let s be ((-4)/(-6))/((-2)/15). What are the prime factors of (-20)/14*(-2 + s)?
2, 5
Let u(s) = s - 4. Let j be u(10). Let n be -18*(1 + j/(-4)). Suppose 2*t + n = 21. List the prime factors of t.
2, 3
Let q(z) = z**2 - 3*z + 2. Let v be q(2). Suppose -3*l - 35 + 137 = v. List the prime factors of l.
2, 17
Let g = 318 - 211. List the prime factors of g.
107
Suppose 0 = -32*a + 20*a + 3720. List the prime factors of a.
2, 5, 31
Suppose 0 = -0*w + 5*w - 80. What are the prime factors of w?
2
What are the prime factors of 206 + 12 + (0 - 1) + 0?
7, 31
List the prime factors of ((-8)/(-6))/((-16)/(-264)).
2, 11
Let x = -87 + 166. List the prime factors of x.
79
Suppose 3*d = -4*x - 10, 0 = 5*d + 3*x + 2. Let b = d - 7. Let q(u) = u**3 + 6*u**2 + 5*u + 7. List the prime factors of q(b).
7
Let d(m) = -2*m**3 - 2*m**2 + 1. Let c be d(-1). List the prime factors of -17*(c - 0)*-1.
17
Suppose 2*r = -3*r + 185. Let t = r - 26. What are the prime factors of t?
11
Suppose -85 = 2*s + 3*s + 5*i, 4*s + 48 = i. Let p = 25 + s. List the prime factors of p.
2, 3
Suppose 3*x + u = 10, -4*x - 14 + 34 = 3*u. Let p(t) = -9 + 0*t + 11*t + 0*t - t**x. List the prime factors of p(8).
3, 5
Let n be 36/2 + (-5 - -2). Suppose -2*s - 4*d + 11 = -s, 3*d = -3*s + n. Suppose -6*o = -2*o - s*m - 1, -5*o + 3*m + 5 = 0. What are the prime factors of o?
2
What are the prime factors of (-16 + 6)*(-2)/4?
5
Suppose x + 4*z = 100 + 48, -2*z = 4*x - 522. List the prime factors of x.
2
Suppose -5*z = -0*z - 215. Suppose -z = -5*b - 168. Let f = b - -36. What are the prime factors of f?
11
Suppose g - 3*g - 272 = -5*o, 5*o + 2*g = 288. What are the prime factors of o?
2, 7
Suppose 0 = -a + 4*a + 12. Let j = 24 - a. List the prime factors of j.
2, 7
Let v be 26/(3/(-18)*-3). Suppose -4*h + v + 64 = 0. List the prime factors of h.
29
Suppose c - 22 = -3*i, -5*c + 0*i = -3*i - 38. List the prime factors of c.
2, 5
Let o(i) = -6*i**3 + 3*i**2 + 4*i + 3. Let c(l) = 2*l - 12. Let d be c(5). What are the prime factors of o(d)?
5, 11
Let r = 16 + -19. Let a(z) = -z**3 + z - 4. What are the prime factors of a(r)?
2, 5
Suppose 2*r + 2*r = 0. Suppose -3*l = r, -y - 2 = 3*l - 7. What are the prime factors of 5*((-36)/y)/(-3)?
2, 3
Let t = 4 + -1. Suppose u - 12 = t*u. What are the prime factors of -2 + (u/3 - -11)?
7
Suppose 0*m + 24 = 3*m. Suppose j = -k + 26, 0 = m*k - 4*k - j - 104. List the prime factors of k.
2, 13
Let a(j) be the third derivative of -5/6*j**3 + 0 + 1/12*j**4 + 0*j - j**2. List the prime factors of a(4).
3
Let p(j) = -j**3 - 6*j**2 + 9*j + 16. Let q be p(-7). List the prime factors of 1 - q - (-1 - 32).
2
Let s(v) = v + 11. Let d(w) = -w**3 - 5*w**2 + 3*w + 6. Let y be d(-5). List the prime factors of s(y).
2
Let t(m) = -3*m. Let q be t(-12). Let j = -23 + q. What are the prime factors of j?
13
Let f be 5 + (-93)/(-18) - (-1)/(-6). Let s(p) be the first derivative of p**2/2 + 4*p - 1. List the prime factors of s(f).
2, 7
Suppose -2*i + 3*y = 37, 5*y - 110 = 4*i - 35. Let f = 1 - i. List the prime factors of f.
3, 7
Suppose -2*o = -o. Suppose 3*y - 5 = -4*d, 4*d - y + 13 - 38 = o. List the prime factors of d.
5
Suppose 0 = -3*h - 15, q + q - 2*h = 20. Suppose q*d - x = 20, -2*x = d - 6*x - 23. What are the prime factors of d?
3
Suppose -4*y - 4*q - 24 = 0, 2*y + 14 + 8 = -4*q. Let b be (6 - 4) + 2 + y. Suppose -3*l + 30 = -b*m, 2*l + 5*m = -2*l + 13. What are the prime factors of l?
7
Let a(b) = b**3 + 6*b**2 - 8*b + 2. Let m be (0 - 7)*(-3)/(-3). What are the prime factors of a(m)?
3
Let o(c) = c**2 + 6*c - 3. Let p be o(-6). List the prime factors of (2 - -1) + (-3)/p.
2
Let o(c) = 6*c**2 - 3*c + 2. List the prime factors of o(3).
47
Suppose 15*b = 19*b - 20. What are the prime factors of b?
5
Suppose 129 = 5*y + d, d - 68 = -2*y - 17. What are the prime factors of y?
2, 13
Let h = -2 - -4. Let i(n) = 2*n - 1. Let q be i(h). List the prime factors of 5 + q/6*-2.
2
Let d(l) = -3*l + 1. Let c be d(7). List the prime factors of 1*(-2)/4*c.
2, 5
Let k(h) = -h**2 - 38*h + 61. What are the prime factors of k(-29)?
2, 7, 23
Suppose 5 = -m - 1. Let c(i) = -8*i**2 + 3*i**3 + i**2 - 4*i**3 + 1 - 7*i. What are the prime factors of c(m)?
7
Let i = 9 + 1. Let s be (84/(-10))/((-3)/i). Suppose 2*q - 2*o - 4 = -o, -s = -5*q - 2*o. What are the prime factors of q?
2
Let d = -221 + 320. List the prime factors of d.
3, 11
Suppose -5*r + 359 = b + 2*b, 2*r = 2*b + 150. List the prime factors of r.
73
Let i = -42 - -65. Let l = 62 - i. Suppose -2*q - 21 = -3*z, 2*q + l = 3*z + 2*z. What are the prime factors of z?
3
Let u(t) = -t**2 - 5*t - 3. Let q be u(-4). Let d(l) = l**3 - 3*l**2 + 3*l + 2. Let a be d(3). Suppose a = z + q. List the prime factors of z.
2, 5
Suppose p + p = -5*r + 103, 5*p + 5 = 0. List the prime factors of ((-72)/28)/((-3)/r).
2, 3
Let w(y) = -7*y - 9. What are the prime factors of w(-7)?
2, 5
Let l(t) be the first derivative of t**3 - t**2/2 - 2. Let q(w) = -w**3 + 7*w**2 - 2. Let z be q(7). List the prime factors of l(z).
2, 7
List the prime factors of 2 + (-3)/(9/(-60)).
2, 11
Suppose 0 = -2*a + 28 - 0. Let g be (a/8)/((-4)/16). Let t(i) = -i**3 - 6*i**2 + 7*i + 10. What are the prime factors of t(g)?
2, 5
Let d(q) = -15*q - 1. Let p be d(-3). Suppose -3 = 3*z + 3*y, 8 - p = -4*z + 4*y. What are the prime factors of z?
2
Let a = -12 + 9. Let s(n) = n**2 - n + 3. List the prime factors of s(a).
3, 5
What are the prime factors of (-8)/40 - 146/(-5)?
29
Suppose h + 4*z = -0*h + 41, -5*z = -4*h + 59. What are the prime factors of h?
3, 7
Let h(i) = -14*i + 7. Let w be h(-7). Suppose -141 - w = -3*p. List the prime factors of (-6)/(-18) - p/(-6).
2, 7
Let d be 0 - (19 + -2)*-2. Let u = d - -2. Suppose 0 = -3*t + 7*t - u. List the prime factors of t.
3
What are the prime factors of (15/30)/(3/1746)?
3, 97
Let d be ((-133)/2)/(1/(-4)). List the prime factors of (d/(-4))/(-7)*2.
19
Let d = 2 - -1. Suppose -50*z + 46*z = 4. Let u = d + z. List the prime factors of u.
2
Suppose -t + 9 = 2*t. Suppose -5*q + 16 = -t*r, q - 6*r - 8 = -3*r. Suppose 3*h - 2 = -4*v, q*h = -4*v + 8 - 4. What are the prime factors of v?
2
Let t be (-16)/6*(-21)/14. Suppose -t*z + 112 = r, 2*z - 18 - 36 = -r. List the prime factors of z.
29
Suppose -8*y + 11*y = 303. What are the prime factors of y?
101
Let p = 6 - 9. Let d(h) = h + 5. Let l be d(p). Suppose 0 = l*z - 8 - 2, 5*n - 85 = -4*z. What are the prime factors of n?
13
Let o(m) = 13*m**2 - 3*m + 2. List the prime factors of o(1).
2, 3
Let n = -20 - -14. Let y = 9 + n. What are the prime factors of y?
3
Let n(o) = o + 4 + o**2 + 0*o - 13*o. List the prime factors of n(12).
2
Suppose 3*x + x = 12. Suppose -2*o + x = -o, -3*k - o = -42. List the prime factors of k.
13
Let p(d) = -d**3 - 2*d + 7 + d**2 - 8*d**2 + 3*d. Let i be p(-7). Suppose i = -n + 4. What are the prime factors of n?
2
Suppose 0 = -3*j + 49 + 47. What are the prime factors of j?
2
Suppose -c = 4*t + 1 + 5, 5*c = 10. Let i be (t + 0)*(-6)/3. Suppose 0 = -p + 5*n + 14, -i*p + 0*p = 3*n - 10. List the prime factors of p.
2
Let b = -45 - -363. What are the prime factors of b?
2, 3, 53
Let y = -8 + 14. List the prime factors of ((-50)/(-15))/(4/y).
5
Suppose -g + 4*s = -194, 3*g + 2*s - 613 = -101. What are the prime factors of g?
2, 3, 29
Suppose 3*s = -2*k + 1 - 4, 2*k = -s + 3. Suppose k*j - 50 = -c, -32 = -2*j - 0*c - 2*c. Suppose 5*i + j = 77. List the prime factors of i.
2, 3
Let p = -15 - -5. Suppose -33 = -0*d - d + 5*h, -h = -4*d + 75. Let n = p + d. List the prime factors of n.
2
Suppose n - 2*n - 2 = 0. What are the prime factors of ((-12)/(-1))/(n/(-3))?
2, 3
Let q = -15 + 8. Let i be 2/q + 90/21. What are the prime factors of (-1)/i + (-122)/(-8)?
3, 5
Let x(c) = c - 5. Let l be x(3). List the prime factors of (-4 - -6)*(15 + l).
2, 13
Suppose x + x - 96 = 0. What are the prime factors of x?